uppose 2*g = 208 - 40. Suppose -24 = -4*o + g. Calculate the remainder when 133 is divided by o.
25
Let t = -1208 - -1245. Calculate the remainder when 84 is divided by t.
10
Suppose 5*r - 12 = 8*r. Let s = r - -18. Suppose 7*u + 8 = 8*u. Calculate the remainder when s is divided by u.
6
Suppose t = -1 + 16. Let a = 1210 + -1166. Calculate the remainder when a is divided by t.
14
Let o = -62 - -67. Suppose -10 = -v + 5*k + 26, o*k - 30 = -5*v. What is the remainder when 40 is divided by v?
7
Let p = -3 + -3. Let j(o) = o**3 + 5*o**2 - 7*o - 2. Calculate the remainder when 18 is divided by j(p).
2
Suppose -c = -6 + 1. Suppose 3*a - 9 = -3*o, a + 3*o + 0*o - 5 = 0. Calculate the remainder when a is divided by 3*(c/(-3) - -2).
0
Let o be ((-6)/8)/(4/(-16)). Suppose o*z - 124 = -4*a, 135 = 4*a - z - 5. Suppose b = -2*f + a, 0 = 3*f - 12 - 0. What is the remainder when b is divided by 9?
8
Suppose 8 = -4*c + 12*c. Suppose 0 = -3*n - 5 + 20, q - n = -c. Suppose -p = -3*p + 12. Calculate the remainder when p is divided by q.
2
Let k be 5/(20/56) + (7 - 3). Suppose -k*d + 23*d = 140. What is the remainder when d is divided by 12?
4
Suppose 2*o - 3*c = -3, 0*o + 2*c = 5*o - 9. Suppose o*u - 22 = 23. Calculate the remainder when u is divided by 10.
5
Let o = 385 - 336. What is the remainder when 385 is divided by o?
42
Suppose 4*t = 2*y - 26, -4*y - 2*t + 7 = -t. Suppose 4*m = 2*x + 82, -3*x = y*m - 2*x - 49. What is the remainder when m is divided by 3/2*16/6?
2
Let k be -59 - (0 - (-2 - -2)). Let o = 41 + k. What is the remainder when (o/(-4) - 4)*74 is divided by 19?
18
Let w(n) = -5*n**2 - 112*n - 32. Suppose 4*y - 66 = 2*u + 68, 5*y - 190 = -5*u. What is the remainder when y is divided by w(-22)?
11
Let y = 15 + -8. Suppose y*r = 3*r - 8, 2*l - 262 = -4*r. Calculate the remainder when l is divided by 34.
33
Let j = 8 + 5. Let k(c) = -4*c - 19. What is the remainder when k(-14) is divided by j?
11
Suppose -5*p = -3*p - 40. Suppose 0 = -2*o - 2, 2*z - 4*o = -0*z + p. Let y(i) = 2*i - 12. What is the remainder when y(z) is divided by 1?
0
Suppose 28*j + 60 = 31*j. Let u(d) be the third derivative of d**5/30 + d**4/8 - d**3/2 - 2*d**2. What is the remainder when j is divided by u(-3)?
2
Let k be (2/(-8))/(6/(-72)). Suppose -4*p + i + 14 = 4, -5*p - 5*i = 0. Suppose -q = -g + k, 0*g = g - p*q. Calculate the remainder when 16 is divided by g.
4
Let c = 71 - 41. What is the remainder when c is divided by (20/6 + -2)/(8/48)?
6
Let j(i) = i**3 - 13*i**2 + 23*i - 12. Let l be j(12). Suppose 3*k + 240 = 2*y, 2*k - l = -0*y - y. Calculate the remainder when y is divided by 18.
12
Suppose -c - 16 = -2*c. Let j = -126 + 203. Calculate the remainder when j is divided by c.
13
Suppose 0 = -3*l - i + 347, 4*l + 3*i + 0*i - 456 = 0. Suppose -u - l = -3*c, -c - c - u + 78 = 0. Calculate the remainder when 77 is divided by c.
38
Suppose 8*x = 82 + 62. What is the remainder when 143 is divided by x?
17
Let y = -560 + 578. Calculate the remainder when 66 is divided by y.
12
Let o(a) = 2*a - 5. Suppose 5 + 15 = 2*c. Let b be o(c). Let i(p) = p + 11. Calculate the remainder when i(b) is divided by 9.
8
Let q(x) = 2*x**2 + 15*x. Calculate the remainder when q(-9) is divided by -5*4*4/(-8).
7
Let u = 184 + -105. Let g(s) = -s**2 + 6*s + 27. Calculate the remainder when u is divided by g(7).
19
Suppose -35*i = -18*i - 782. What is the remainder when 318 is divided by i?
42
Let b = 391 - 251. Calculate the remainder when b is divided by 39.
23
Let v(s) = s**2 + 4*s + 16. What is the remainder when v(7) is divided by (-13)/((-195)/6) + (-46)/(-10)?
3
Suppose -37*l = -129*l + 9200. What is the remainder when l is divided by 4?
0
Let q(n) = 79*n - 116. Calculate the remainder when q(3) is divided by 43.
35
Suppose 3*l - 4*q = -20, -4*l - l + 5*q = 25. Suppose 5*w = -f + 29, l = -9*w + 8*w - 1. Calculate the remainder when f is divided by 7.
6
Let v(s) = 47*s**2 + 4*s - 1. What is the remainder when v(1) is divided by 19?
12
Suppose 3*m - 128 = -m. Let k(v) = -103*v - 2. Let w be k(-1). Let n = -90 + w. Calculate the remainder when m is divided by n.
10
Let d(i) = -i**3 - i**2 + 5*i - 1. Suppose -2*l - 2*a = 0, l - 2*a = -1 - 11. Let y = 246 + -141. What is the remainder when y is divided by d(l)?
24
Let l(v) = -v**2 + 17*v - 3. Let x = 119 - 105. Calculate the remainder when 231 is divided by l(x).
36
Suppose 4*j + 39 = -69. Calculate the remainder when 43 is divided by (-3)/2*198/j.
10
Suppose 0 = 179*z - 174*z + n - 54, 0 = -5*n - 5. Calculate the remainder when z is divided by 6 - ((-8)/(-2))/2.
3
Suppose -4*d = 3*g - 48, -2*d + 18*g - 22*g + 34 = 0. Calculate the remainder when 38 is divided by d.
2
Let p be -1*16/3*-3. Calculate the remainder when 30/7 + p/(-56) is divided by 3.
1
What is the remainder when 554 is divided by ((-132)/(-77))/((-6)/(-56))?
10
Suppose 0 = 3*h + 7*h - 20. Calculate the remainder when 3 is divided by h.
1
Let c(l) = 5*l + 5. Let k be c(-4). Let w = 19 + k. What is the remainder when 7 is divided by w?
3
Suppose -5*o = -3*i - 682, -3*i - 414 = 5*o - 8*o. Let h = 237 - o. Suppose 2*d - 39 = h. Calculate the remainder when d is divided by 18.
17
What is the remainder when 34 is divided by 10 - (22/18 - (-66)/(-297))?
7
Suppose 0 = g + 2, -2*j - 3*g - 78 + 292 = 0. What is the remainder when j is divided by 14?
12
Suppose 27*c + 19 = 28*c. Suppose 0 = -c*d + 14*d + 185. Calculate the remainder when d is divided by 13.
11
Suppose 184 - 888 = -22*i. What is the remainder when 79 is divided by i?
15
Let g = -20 + 105. What is the remainder when g is divided by ((-55)/10)/(2/(-4))?
8
Suppose 7*f - 2*f = 25. Calculate the remainder when (18/f)/(4/(1 + 59)) is divided by 19.
16
Let y be -6*(-8)/12 - -76. Calculate the remainder when 2 + (-9)/6*-8 is divided by ((-4)/5 + 2)/(12/y).
6
Suppose 0*u + 3*u = 3. Suppose b = 3*k - 2 - 0, k - 6 = 3*b. Calculate the remainder when 51 is divided by b + (2 - -26*u).
25
Calculate the remainder when 1003 is divided by (5/(-4))/((-8)/96).
13
Let l = -85 - -87. Suppose -l*j - 3*j + 60 = -3*h, j = 3*h. What is the remainder when 56 is divided by j?
11
What is the remainder when 836 is divided by (-16)/20*(-25)/2?
6
Let l be (1 - 1)/(15 + -11). Calculate the remainder when 18 is divided by l - 0 - 144/(-12).
6
Suppose 3*d = 4*r + 80, 8*r - 7*r = 4*d - 111. What is the remainder when d is divided by 17?
11
Let a(d) = 14*d**2 - 4. Let r be a(-2). Suppose 0 = -4*j + r + 92. Suppose 0 = p - 1 - 12. Calculate the remainder when j is divided by p.
10
Let s(z) = 23*z. Suppose -1053*f - 272 = -1057*f. Calculate the remainder when f is divided by s(1).
22
Suppose r - 4*n - 1 = -3, n + 4 = r. Suppose -2*g = -11*l + 7*l - 44, 4*l = 0. Calculate the remainder when g is divided by r.
4
Let k(x) = -8*x + 411. Calculate the remainder when 74 is divided by k(48).
20
Let o(b) = 26*b**2 + 2*b + 3. Let p be o(-2). Suppose -z + 54 = 2*m - m, 2*m + 3*z - p = 0. Calculate the remainder when m is divided by 16.
11
Let z be (0 - 0)/(0 + -2). Suppose z*y = 4*y - 1804. Suppose 0 = -4*v + 3*r + 365, 4*v + v - 2*r = y. Calculate the remainder when v is divided by 23.
20
Let l(f) = f**3 + 5*f**2 - 8*f + 15. Calculate the remainder when l(4) is divided by 89.
38
Calculate the remainder when -1 + 195/((-35)/(-7)) is divided by 18.
2
Suppose -5*k - 25 = 2*i, 2*i - 6*i - 17 = -k. Let o be k/(-9) - 44/6. Calculate the remainder when 15 is divided by 10/(-35) - 58/o.
7
Let o be (-16)/(-80) - (-382)/(-10). Let b = -53 - o. Let l = 53 + b. Calculate the remainder when l is divided by 13.
12
Let y(p) = p**2 - 6*p + 7. Let m be y(5). Suppose -t + 2*t + 3*x + m = 0, x + 2 = t. What is the remainder when 65 is divided by -1 + 18 + (t - 1)?
14
Suppose -4*x - 7 = 4*n - 51, 4*n = -2*x + 32. Let z = 28 - x. Calculate the remainder when (-27)/72 + (-1017)/(-24) is divided by z.
20
Let u(x) = 17*x**3 - 4*x**2 + 7*x - 3. What is the remainder when 641 is divided by u(1)?
12
Let s(f) = f**3 + f**2 - f + 10. Let h be s(0). Suppose -h*k + 47 = -9*k. What is the remainder when k is divided by 12?
11
Let r(q) = -q**3 + 9*q**2 - 6*q + 6. Calculate the remainder when ((-15)/2)/(166/(-32) + 5) is divided by r(8).
18
Let h(n) = 29*n. Let r(y) = 10 - 3*y + 4 - 3 + 2*y. Let l 